ivisor of 260 and 3140?
20
Calculate the highest common factor of 118053 and 1287.
117
What is the highest common divisor of 2346 and 731?
17
Calculate the highest common factor of 185899 and 119.
7
What is the greatest common divisor of 378 and 190274?
14
Calculate the greatest common divisor of 37817 and 26.
13
What is the greatest common divisor of 10872 and 4500?
36
Calculate the highest common divisor of 825 and 103275.
75
Calculate the greatest common factor of 690 and 17370.
30
Calculate the highest common divisor of 1490 and 835145.
745
What is the highest common divisor of 200377 and 151?
151
What is the greatest common divisor of 408 and 984?
24
Calculate the highest common factor of 60 and 10095.
15
What is the greatest common divisor of 419293 and 129?
43
What is the greatest common factor of 674965 and 610?
305
Calculate the greatest common divisor of 2108180 and 460.
460
Calculate the highest common factor of 216 and 2672.
8
Calculate the highest common factor of 54 and 193152.
6
Calculate the greatest common factor of 1 and 3292.
1
Calculate the highest common divisor of 190 and 37090.
10
Calculate the highest common factor of 1426 and 384.
2
What is the greatest common divisor of 532346 and 358?
358
Calculate the greatest common divisor of 130271 and 67609.
1649
What is the highest common factor of 3056 and 632?
8
Calculate the highest common divisor of 146256 and 6.
6
What is the highest common divisor of 46762 and 1030?
206
What is the highest common factor of 280 and 104790?
70
Calculate the greatest common divisor of 833 and 357.
119
Calculate the greatest common factor of 3799 and 725.
29
Calculate the highest common divisor of 935 and 15385.
85
Calculate the highest common factor of 113 and 11235477.
113
What is the greatest common factor of 971392 and 256?
128
What is the highest common divisor of 122820 and 1296?
12
Calculate the highest common factor of 34 and 2610554.
34
Calculate the greatest common divisor of 1636285 and 35.
35
What is the greatest common divisor of 193 and 552173?
193
What is the highest common divisor of 255035 and 55?
55
Calculate the greatest common divisor of 1568 and 42.
14
Calculate the highest common factor of 561 and 8118.
33
What is the highest common divisor of 171552 and 23231?
1787
Calculate the greatest common divisor of 35706 and 528.
66
Calculate the highest common factor of 2475 and 473.
11
Calculate the greatest common factor of 588 and 139608.
84
Calculate the greatest common divisor of 273952 and 7.
7
What is the greatest common factor of 319561 and 76?
19
What is the greatest common factor of 12997165 and 655?
655
What is the highest common factor of 33887 and 188?
47
Calculate the greatest common divisor of 4606 and 697480.
658
Calculate the greatest common divisor of 3536584 and 3021.
1007
Calculate the highest common divisor of 204 and 279588.
12
What is the greatest common factor of 57 and 1101297?
57
What is the highest common divisor of 3 and 372903?
3
Calculate the greatest common factor of 7 and 3588039.
7
Calculate the highest common divisor of 1972180 and 10.
10
Calculate the greatest common divisor of 5712 and 924.
84
Calculate the greatest common factor of 518 and 224.
14
What is the highest common factor of 24075 and 1070?
535
What is the greatest common factor of 693 and 565929?
63
Calculate the greatest common divisor of 1400240 and 230.
230
Calculate the highest common factor of 18906 and 2208.
138
What is the greatest common factor of 1300 and 222170?
130
Calculate the greatest common divisor of 21 and 2934141.
21
Calculate the greatest common factor of 264 and 109010.
22
Calculate the highest common divisor of 850 and 1600.
50
What is the highest common divisor of 10393086 and 4012?
2006
What is the highest common factor of 7998 and 602?
86
What is the greatest common divisor of 1389198 and 6?
6
What is the greatest common divisor of 1296 and 29216?
16
What is the greatest common factor of 325180 and 142?
142
What is the greatest common factor of 3297 and 219?
3
Calculate the greatest common divisor of 39 and 156702.
39
What is the highest common factor of 50944 and 32238?
398
What is the greatest common factor of 900 and 26900?
100
What is the greatest common divisor of 927288 and 1272?
1272
What is the greatest common factor of 40103 and 119?
119
Calculate the greatest common factor of 392265 and 828.
207
Calculate the greatest common divisor of 3059 and 779.
19
Calculate the highest common factor of 1827 and 30009.
21
What is the highest common divisor of 101 and 3311689?
101
Calculate the highest common divisor of 531 and 195231.
177
Calculate the highest common factor of 110 and 2135.
5
Calculate the highest common divisor of 302621 and 1525.
61
Calculate the highest common divisor of 765762 and 31.
31
What is the highest common factor of 9701 and 327?
109
Calculate the greatest common factor of 40997 and 33.
11
What is the greatest common factor of 25005 and 3945?
15
What is the greatest common divisor of 31116 and 1104?
12
Calculate the greatest common factor of 17 and 6137.
17
What is the highest common factor of 405752 and 2680?
536
What is the greatest common divisor of 2099849 and 358?
179
Calculate the greatest common factor of 33 and 1881.
33
What is the greatest common factor of 14820 and 100?
20
Calculate the highest common divisor of 2071 and 322095.
109
What is the highest common factor of 234 and 12454?
26
What is the highest common factor of 188678 and 203?
7
Calculate the highest common factor of 76 and 3576674.
38
Calculate the greatest common factor of 42 and 123466.
14
Calculate the highest common divisor of 608498 and 374.
374
What is the highest common factor of 52 and 476?
4
What is the greatest common divisor of 5687965 and 670?
335
Calculate the greatest common factor of 232 and 81316.
116
What is the greatest common divisor of 18669 and 10731?
147
What is the highest common divisor of 680 and 12155?
85
What is the greatest common factor of 36 and 12360?
12
What is the highest common divisor of 2119 and 2407999?
163
What is the highest common divisor of 32871 and 6?
3
What is the greatest common factor of 4734 and 3662012?
526
What is the highest common factor of 66915 and 36?
9
What is the greatest common factor of 1390 and 1470?
10
Calculate the greatest common divisor of 48 and 148272.
48
What is the highest common factor of 21523 and 15?
1
What is the greatest common divisor of 1671495 and 15?
15
Calculate the highest common factor of 237 and 3027.
3
Calculate the highest common factor of 4686 and 462.
66
What is the highest common factor of 168 and 52024?
56
Calculate the highest common factor of 33 and 1829487.
33
Calculate the highest common factor of 31039 and 1.
1
What is the highest common divisor of 642 and 6206?
214
What is the greatest common divisor of 144 and 122064?
48
What is the greatest common divisor of 256537 and 2?
1
What is the greatest common divisor of 694723 and 67?
67
What is the greatest common factor of 1659 and 33789?
21
Calculate the greatest common factor of 42383 and 33.
11
What is the highest common divisor of 2533 and 3725?
149
Calculate the greatest common divisor of 18918 and 3681.
9
Calculate the greatest common divisor of 2553 and 8251.
37
What is the highest common factor of 12 and 9573?
3
Calculate the highest common factor of 1688 and 201083.
211
Calculate the greatest common divisor of 686807 and 319.
319
What is the highest common factor of 405 and 4617?
81
What is the greatest common divisor of 143 and 249587?
13
What is the highest common divisor of 18550 and 27650?
350
Calculate the highest common factor of 12124 and 344.
4
Calculate the highest common factor of 3502660 and 7.
7
What is the highest common factor of 18520 and 280?
40
What is the greatest common divisor of 2148 and 1263561?
537
What is the greatest common factor of 5030 and 6930?
10
What is the highest common divisor of 1488 and 113484?
12
What is the highest common divisor of 7379 and 4710?
157
Calculate the highest common divisor of 12912 and 6.
6
Calculate the highest common divisor of 80 and 59260.
20
What is the highest common divisor of 19199 and 33664?
263
Calculate the greatest common factor of 810 and 2628.
1